{"id":719,"date":"2018-03-01T16:02:49","date_gmt":"2018-03-01T16:02:49","guid":{"rendered":"http:\/\/www.municipalidadraulpenha.gov.py\/?page_id=719"},"modified":"2018-03-01T16:02:49","modified_gmt":"2018-03-01T16:02:49","slug":"documentos-excel","status":"publish","type":"page","link":"http:\/\/www.municipalidadraulpenha.gov.py\/index.php\/documentos-excel\/","title":{"rendered":"Documentos EXCEL"},"content":{"rendered":"<p>Algunos de nuestros documentos por obligaci\u00f3n propia y por el tama\u00f1o del contenido debe ir en formato excel,<\/p>\n<p>pero eso no evita el no poder visualizarlo, Nuestro equipo de administraci\u00f3n pone a su dispocis\u00f2n herramientas como<a href=\"https:\/\/www.google.com\/intl\/es\/sheets\/about\/\"> Hojas De Calculo de Google<\/a>, Que son herramientas ideales para la visualizaci\u00f3n de este tipo de archivos, no obstante se puede utilizar un software especifico como <a href=\"https:\/\/es.wikipedia.org\/wiki\/Microsoft_Excel\">Microsoft Excel<\/a> de Windows en caso de contar con un Ordenador(Computadora a Dispocision)<\/p>\n","protected":false},"excerpt":{"rendered":"<p>Algunos de nuestros documentos por obligaci\u00f3n propia y por el tama\u00f1o del contenido debe ir en formato excel, pero eso no evita el no poder visualizarlo, Nuestro equipo de administraci\u00f3n pone a su dispocis\u00f2n herramientas como Hojas De Calculo de Google, Que son herramientas ideales para la visualizaci\u00f3n de este tipo de archivos, no obstante <a class=\"more-link\" href=\"http:\/\/www.municipalidadraulpenha.gov.py\/index.php\/documentos-excel\/\">Leer m\u00e1s &#8230;<\/a><\/p>\n","protected":false},"author":4,"featured_media":90,"parent":0,"menu_order":0,"comment_status":"closed","ping_status":"closed","template":"","meta":{"footnotes":""},"class_list":["post-719","page","type-page","status-publish","has-post-thumbnail","hentry"],"_links":{"self":[{"href":"http:\/\/www.municipalidadraulpenha.gov.py\/index.php\/wp-json\/wp\/v2\/pages\/719","targetHints":{"allow":["GET"]}}],"collection":[{"href":"http:\/\/www.municipalidadraulpenha.gov.py\/index.php\/wp-json\/wp\/v2\/pages"}],"about":[{"href":"http:\/\/www.municipalidadraulpenha.gov.py\/index.php\/wp-json\/wp\/v2\/types\/page"}],"author":[{"embeddable":true,"href":"http:\/\/www.municipalidadraulpenha.gov.py\/index.php\/wp-json\/wp\/v2\/users\/4"}],"replies":[{"embeddable":true,"href":"http:\/\/www.municipalidadraulpenha.gov.py\/index.php\/wp-json\/wp\/v2\/comments?post=719"}],"version-history":[{"count":1,"href":"http:\/\/www.municipalidadraulpenha.gov.py\/index.php\/wp-json\/wp\/v2\/pages\/719\/revisions"}],"predecessor-version":[{"id":720,"href":"http:\/\/www.municipalidadraulpenha.gov.py\/index.php\/wp-json\/wp\/v2\/pages\/719\/revisions\/720"}],"wp:featuredmedia":[{"embeddable":true,"href":"http:\/\/www.municipalidadraulpenha.gov.py\/index.php\/wp-json\/wp\/v2\/media\/90"}],"wp:attachment":[{"href":"http:\/\/www.municipalidadraulpenha.gov.py\/index.php\/wp-json\/wp\/v2\/media?parent=719"}],"curies":[{"name":"wp","href":"https:\/\/api.w.org\/{rel}","templated":true}]}}